{"id":402,"date":"2021-04-28T17:36:02","date_gmt":"2021-04-28T17:36:02","guid":{"rendered":"https:\/\/ando-gloss.com\/?page_id=402"},"modified":"2022-03-09T17:57:47","modified_gmt":"2022-03-09T17:57:47","slug":"logistik-spedition","status":"publish","type":"page","link":"https:\/\/ando-gloss.com\/?page_id=402","title":{"rendered":"Logistik &#038; Spedition"},"content":{"rendered":"\t\t<div data-elementor-type=\"wp-page\" data-elementor-id=\"402\" class=\"elementor elementor-402\" data-elementor-settings=\"[]\">\n\t\t\t\t\t\t<div class=\"elementor-inner\">\n\t\t\t\t\t\t\t<div class=\"elementor-section-wrap\">\n\t\t\t\t\t\t\t<section class=\"elementor-section elementor-top-section elementor-element elementor-element-47c11fe elementor-section-boxed elementor-section-height-default elementor-section-height-default\" data-id=\"47c11fe\" data-element_type=\"section\">\n\t\t\t\t\t\t<div class=\"elementor-container elementor-column-gap-default\">\n\t\t\t\t\t\t\t<div class=\"elementor-row\">\n\t\t\t\t\t<div class=\"aux-parallax-section elementor-column elementor-col-100 elementor-top-column elementor-element elementor-element-29d5f09\" data-id=\"29d5f09\" data-element_type=\"column\">\n\t\t\t<div class=\"elementor-column-wrap elementor-element-populated\">\n\t\t\t\t\t\t\t<div class=\"elementor-widget-wrap\">\n\t\t\t\t\t\t<section class=\"elementor-section elementor-inner-section elementor-element elementor-element-64e7881 elementor-section-boxed elementor-section-height-default elementor-section-height-default\" data-id=\"64e7881\" data-element_type=\"section\">\n\t\t\t\t\t\t<div class=\"elementor-container elementor-column-gap-default\">\n\t\t\t\t\t\t\t<div class=\"elementor-row\">\n\t\t\t\t\t<div class=\"aux-parallax-section elementor-column elementor-col-100 elementor-inner-column elementor-element elementor-element-963e8fb\" data-id=\"963e8fb\" data-element_type=\"column\">\n\t\t\t<div class=\"elementor-column-wrap elementor-element-populated\">\n\t\t\t\t\t\t\t<div class=\"elementor-widget-wrap\">\n\t\t\t\t\t\t<div class=\"elementor-element elementor-element-b50130c aux-appear-watch-animation aux-fade-in-up elementor-widget elementor-widget-aux_modern_heading\" data-id=\"b50130c\" data-element_type=\"widget\" data-widget_type=\"aux_modern_heading.default\">\n\t\t\t\t<div class=\"elementor-widget-container\">\n\t\t\t<section class=\"aux-widget-modern-heading\">\n            <div class=\"aux-widget-inner\"><h1 class=\"aux-modern-heading-primary\">ANDO GLOSS<\/h1><h3 class=\"aux-modern-heading-secondary\"><span class=\"aux-head-highlight\">Logistik & Spedition<\/span><\/h3><div class=\"aux-modern-heading-divider\"><\/div><\/div>\n        <\/section>\t\t<\/div>\n\t\t\t\t<\/div>\n\t\t\t\t<div class=\"elementor-element elementor-element-7259df5 elementor-widget elementor-widget-image\" data-id=\"7259df5\" data-element_type=\"widget\" data-widget_type=\"image.default\">\n\t\t\t\t<div class=\"elementor-widget-container\">\n\t\t\t\t\t<div class=\"elementor-image\">\n\t\t\t\t\t\t\t\t\t\t<img width=\"2560\" height=\"1280\" src=\"https:\/\/ando-gloss.com\/wp-content\/uploads\/2021\/04\/warehouse-or-storage-with-cardboard-boxes-on-a-pal-UE8JCKT-scaled.jpeg\" class=\"attachment-full size-full\" alt=\"\" decoding=\"async\" loading=\"lazy\" srcset=\"https:\/\/ando-gloss.com\/wp-content\/uploads\/2021\/04\/warehouse-or-storage-with-cardboard-boxes-on-a-pal-UE8JCKT-scaled.jpeg 2560w, https:\/\/ando-gloss.com\/wp-content\/uploads\/2021\/04\/warehouse-or-storage-with-cardboard-boxes-on-a-pal-UE8JCKT-1536x768.jpeg 1536w, https:\/\/ando-gloss.com\/wp-content\/uploads\/2021\/04\/warehouse-or-storage-with-cardboard-boxes-on-a-pal-UE8JCKT-2048x1024.jpeg 2048w\" sizes=\"(max-width: 2560px) 100vw, 2560px\" \/>\t\t\t\t\t\t\t\t\t\t\t<\/div>\n\t\t\t\t<\/div>\n\t\t\t\t<\/div>\n\t\t\t\t<div class=\"elementor-element elementor-element-69e3206 elementor-widget elementor-widget-text-editor\" data-id=\"69e3206\" data-element_type=\"widget\" data-widget_type=\"text-editor.default\">\n\t\t\t\t<div class=\"elementor-widget-container\">\n\t\t\t\t\t<div class=\"elementor-text-editor elementor-clearfix\">Mit unserem Office-to-Office-Service lassen sich aufw\u00e4ndige\nZwischenlagerungen vermeiden.\n<br><br>Bei grenz\u00fcberschreitenden Transportwegen erm\u00f6glichen wir\nIhnen nicht nur eine schnelle Abwicklung s\u00e4mtlicher Zoll-und\nTransportformalit\u00e4ten. Wir bewerkstelligen die Erstellung von\nAusfuhrgenehmigungen, Zolldokumenten und entsprechende\nZertifizierungen f\u00fcr das ausgew\u00e4hlte Bestimmungsland.\n<br><br>Lassen Sie sich von uns einen individuellen Transportweg\nzusammenstellen, angepasst an Ihre individuellen Konditionen\nund Interessen.<\/div>\n\t\t\t\t<\/div>\n\t\t\t\t<\/div>\n\t\t\t\t\t\t<\/div>\n\t\t\t\t\t<\/div>\n\t\t<\/div>\n\t\t\t\t\t\t\t\t<\/div>\n\t\t\t\t\t<\/div>\n\t\t<\/section>\n\t\t\t\t\t\t<\/div>\n\t\t\t\t\t<\/div>\n\t\t<\/div>\n\t\t\t\t\t\t\t\t<\/div>\n\t\t\t\t\t<\/div>\n\t\t<\/section>\n\t\t\t\t\t\t<\/div>\n\t\t\t\t\t\t<\/div>\n\t\t\t\t\t<\/div>\n\t\t","protected":false},"excerpt":{"rendered":"<p>ANDO GLOSS Logistik &#038; Spedition Mit unserem Office-to-Office-Service lassen sich aufw\u00e4ndige Zwischenlagerungen vermeiden. Bei grenz\u00fcberschreitenden Transportwegen erm\u00f6glichen wir Ihnen nicht nur eine schnelle Abwicklung s\u00e4mtlicher Zoll-und Transportformalit\u00e4ten. Wir bewerkstelligen die Erstellung von Ausfuhrgenehmigungen, Zolldokumenten und entsprechende Zertifizierungen f\u00fcr das ausgew\u00e4hlte Bestimmungsland. Lassen Sie sich von uns einen individuellen Transportweg zusammenstellen, angepasst an Ihre individuellen Konditionen [&hellip;]<\/p>\n","protected":false},"author":1,"featured_media":0,"parent":0,"menu_order":0,"comment_status":"closed","ping_status":"closed","template":"","meta":[],"_links":{"self":[{"href":"https:\/\/ando-gloss.com\/index.php?rest_route=\/wp\/v2\/pages\/402"}],"collection":[{"href":"https:\/\/ando-gloss.com\/index.php?rest_route=\/wp\/v2\/pages"}],"about":[{"href":"https:\/\/ando-gloss.com\/index.php?rest_route=\/wp\/v2\/types\/page"}],"author":[{"embeddable":true,"href":"https:\/\/ando-gloss.com\/index.php?rest_route=\/wp\/v2\/users\/1"}],"replies":[{"embeddable":true,"href":"https:\/\/ando-gloss.com\/index.php?rest_route=%2Fwp%2Fv2%2Fcomments&post=402"}],"version-history":[{"count":10,"href":"https:\/\/ando-gloss.com\/index.php?rest_route=\/wp\/v2\/pages\/402\/revisions"}],"predecessor-version":[{"id":646,"href":"https:\/\/ando-gloss.com\/index.php?rest_route=\/wp\/v2\/pages\/402\/revisions\/646"}],"wp:attachment":[{"href":"https:\/\/ando-gloss.com\/index.php?rest_route=%2Fwp%2Fv2%2Fmedia&parent=402"}],"curies":[{"name":"wp","href":"https:\/\/api.w.org\/{rel}","templated":true}]}}