{"id":197,"date":"2021-03-24T18:00:39","date_gmt":"2021-03-24T18:00:39","guid":{"rendered":"https:\/\/ando-gloss.com\/?page_id=197"},"modified":"2021-03-24T18:02:46","modified_gmt":"2021-03-24T18:02:46","slug":"agb","status":"publish","type":"page","link":"https:\/\/ando-gloss.com\/?page_id=197","title":{"rendered":"AGB"},"content":{"rendered":"\n<p><strong>Allgemeine Gesch\u00e4ftsbedingungen<\/strong><\/p>\n\n\n\n<p>Die nachstehenden Liefer- und Zahlungsbedingungen (allgemeine Gesch\u00e4ftsbedingungen \u2013 AGB) gelten f\u00fcr alle Lieferungen und Leistungen der Firma ANDO GLOSS GmbH. Stand 14.03.2021<\/p>\n\n\n\n<p><strong>Allgemeines<\/strong><\/p>\n\n\n\n<p>Auftr\u00e4ge werden zu unseren AGB angenommen und ausgef\u00fchrt. Unsere Gesch\u00e4fts-, Liefer- und Zahlungsbedingungen gelten auch ohne ausdr\u00fcckliche Vereinbarung f\u00fcr alle Lieferungen und Leistungen. Abweichende Bedingungen des Auftraggebers sind nicht Teil der Vertr\u00e4ge. M\u00fcndliche und sonstige Abreden, die von unseren AGB abweichen, bed\u00fcrfen unserer schriftlichen Best\u00e4tigung.<\/p>\n\n\n\n<p><strong>Angebote \/ Auftr\u00e4ge<\/strong><\/p>\n\n\n\n<p>Alle Angebote erfolgen freibleibend, sind aber verbindlich f\u00fcr den im Angebot angegebenen Zeitraum. Die Auftragserteilung kann per Post, Fax oder E-Mail erfolgen. Mit der Auftragserteilung erkennt der Auftraggeber die Liefer- und Zahlungsbedingungen der Firma ANDO GLOSS GmbH an.<\/p>\n\n\n\n<p><strong>Preise<\/strong><\/p>\n\n\n\n<p>Die Preise verstehen sich, soweit nicht anders angegeben, in Euro. Die Preise beinhalten s\u00e4mtliche Produktionskosten, die Einzelverpackung und den Versand. Die Preise unterliegen jederzeit \u00c4nderungen ohne vorherige Anzeige, da auch Herstellpreise, Transportpreise\/Treibstoffpreise und Wechselkurse Schwankungen unterworfen sind. In jedem Fall ist es angebracht, ein verbindliches Angebot einzuholen.<\/p>\n\n\n\n<p><strong>Lieferungen\/Lieferzeiten\/Liefermenge<\/strong><\/p>\n\n\n\n<p>Als Handelsfirma ist ANDO GLOSS GmbH die Lieferzeiten der Hersteller\/Lieferanten gebunden. Schadenersatzanspr\u00fcche wegen Nichteinhaltung von Lieferterminen sind ausgeschlossen. Lieferverz\u00f6gerungen aufgrund h\u00f6herer Gewalt und infolge unvorhergesehener Umst\u00e4nde haben wir selbst bei verbindlich zugesagten Lieferterminen nicht zu vertreten. In diesen F\u00e4llen sind wir berechtigt, teilweise oder ganz vom Vertrag zur\u00fcckzutreten.<\/p>\n\n\n\n<p><strong>Urheberrechte<\/strong><\/p>\n\n\n\n<p>Von uns bzw. vom Hersteller angefertigte Entw\u00fcrfe, Zeichnungen, Dateien und Filme bleiben Eigentum des Gestalters. Bei gelieferten Entw\u00fcrfen, Reinzeichnungen oder Dateien setzen wir das Vervielf\u00e4ltigungsrecht voraus. Der Auftraggeber sichert zu, dass er im Besitz s\u00e4mtlicher f\u00fcr die Be- und Verarbeitung durch den Auftragnehmer erforderlichen Lizenz, insbesondere Urheberrechte, Warenzeichnungsrechte u.a ist. Er stellt die Firma ANDO GLOSS GmbH von s\u00e4mtlichen Anspr\u00fcchen, die Dritte aufgrund der Verletzung solcher Rechte geltend machen, frei. Sollte sich vorstehende Zusicherung \u2013gleich aus welchem Grunde- als unzutreffend herausstellen, so verpflichtet sich der Auftraggeber zum Ersatz jeglichen dadurch entstehenden Schadens. Mit Auftragserteilung erkennt der Auftraggeber diese Zusicherung an.<\/p>\n","protected":false},"excerpt":{"rendered":"<p>Allgemeine Gesch\u00e4ftsbedingungen Die nachstehenden Liefer- und Zahlungsbedingungen (allgemeine Gesch\u00e4ftsbedingungen \u2013 AGB) gelten f\u00fcr alle Lieferungen und Leistungen der Firma ANDO GLOSS GmbH. Stand 14.03.2021 Allgemeines Auftr\u00e4ge werden zu unseren AGB angenommen und ausgef\u00fchrt. Unsere Gesch\u00e4fts-, Liefer- und Zahlungsbedingungen gelten auch ohne ausdr\u00fcckliche Vereinbarung f\u00fcr alle Lieferungen und Leistungen. Abweichende Bedingungen des Auftraggebers sind nicht Teil [&hellip;]<\/p>\n","protected":false},"author":1,"featured_media":0,"parent":0,"menu_order":0,"comment_status":"closed","ping_status":"closed","template":"","meta":[],"_links":{"self":[{"href":"https:\/\/ando-gloss.com\/index.php?rest_route=\/wp\/v2\/pages\/197"}],"collection":[{"href":"https:\/\/ando-gloss.com\/index.php?rest_route=\/wp\/v2\/pages"}],"about":[{"href":"https:\/\/ando-gloss.com\/index.php?rest_route=\/wp\/v2\/types\/page"}],"author":[{"embeddable":true,"href":"https:\/\/ando-gloss.com\/index.php?rest_route=\/wp\/v2\/users\/1"}],"replies":[{"embeddable":true,"href":"https:\/\/ando-gloss.com\/index.php?rest_route=%2Fwp%2Fv2%2Fcomments&post=197"}],"version-history":[{"count":2,"href":"https:\/\/ando-gloss.com\/index.php?rest_route=\/wp\/v2\/pages\/197\/revisions"}],"predecessor-version":[{"id":200,"href":"https:\/\/ando-gloss.com\/index.php?rest_route=\/wp\/v2\/pages\/197\/revisions\/200"}],"wp:attachment":[{"href":"https:\/\/ando-gloss.com\/index.php?rest_route=%2Fwp%2Fv2%2Fmedia&parent=197"}],"curies":[{"name":"wp","href":"https:\/\/api.w.org\/{rel}","templated":true}]}}